 - n, a = 2*m - 1. Let s(u) = 7*u**3 + 3*u**2 - 2*u + 3. What are the prime factors of s(m)?
67
Let s(i) = -3*i**2 - 2*i + 2. Let b be s(1). Let h be (b + 4)/(1/(1 + -3)). What are the prime factors of 10/10 + h + 75?
2, 37
Let x(n) be the third derivative of 7*n**5/30 - 25*n**4/12 - 17*n**3/3 + n**2 + 1. List the prime factors of x(-10).
2, 3, 311
Let z(b) = 930*b - 2022. What are the prime factors of z(13)?
2, 3, 839
Suppose k + 10*k = 66. Suppose -2*r + 1022 = -2*b, 12 = -k*b + 3*b. List the prime factors of r.
3, 13
Suppose -2570*b + 2561*b = -104688. List the prime factors of b.
2, 727
Let z be (1 - 2)/(-7 + 46182/6597). Let l = -1406 - z. What are the prime factors of l?
13, 61
List the prime factors of (223 + 925)*(-122)/(-8).
7, 41, 61
Let c be (129/172)/(1/(-188)). Let i = c + 278. What are the prime factors of i?
137
Suppose -363*b + 371*b + 80 = 0. What are the prime factors of (-714 - -2)*b*2/16?
2, 5, 89
List the prime factors of -3 + (-122510)/(-19) - 1*8/(-76).
5, 1289
Suppose 355*p = 12206290 + 5795405. List the prime factors of p.
3, 16903
Let i be 691 + (5 - (0 - -2)). Suppose i = 76*p - 74*p. What are the prime factors of p?
347
Let h(r) = 15*r**3 - 4*r**2 + 10*r - 14. Suppose 2*j - 33 = 5*g, 4*g + 20 = 3*j - 12. List the prime factors of h(j).
2, 461
What are the prime factors of ((-84)/15)/(-4) + 220540/25?
3, 17, 173
Let i be (-503)/3*(-21 - -24)*-1. Let k = i - 14. What are the prime factors of k?
3, 163
Let q(p) = -298*p**2 - p + 1. Let l(x) = -298*x**2 - x + 1. Let k(v) = -4*l(v) + 5*q(v). Let r be k(1). What are the prime factors of -5 + r/(-4 + 2)?
2, 3
Let z be 9*((-1 - (2 - -2)) + 0). Let c be (106/4)/((-3)/6). Let y = z - c. List the prime factors of y.
2
Let j = 197 - 101. Suppose -10*a + j = -14*a. List the prime factors of -20*38*3/a.
5, 19
Let d(u) be the third derivative of 15*u**5/4 + u**4/24 + u**3 + 17*u**2 - 5*u. List the prime factors of d(2).
2, 227
Let t be (-56)/(-84) + (131/(-3) - -3). Let a be 1*158 + 1 + -3. Let w = a - t. What are the prime factors of w?
2, 7
Suppose 3*n = -5*w + 49, 0 = 2*w - 5*n - 51 + 19. Let c be ((-33)/(-18))/w - 15055/(-30). Let x = -357 + c. What are the prime factors of x?
5, 29
Suppose -15 = -m - 4*q, 0 = 5*m - q + 2*q - 18. Let s be (-18)/(m + (-845)/285). List the prime factors of ((-1)/1)/(9/s).
3, 19
Suppose 5*y + 51 = 8*y. Suppose 0 = -y*k + 73*k - 73472. List the prime factors of k.
2, 41
Let q = 409 - 341. What are the prime factors of (12 + -11)*((q - -3) + 1)?
2, 3
Let h = 25424 + -52591. List the prime factors of (-3)/7 - -3*h/(-147).
2, 277
Let m(z) = z**3 + 17*z**2 - 28*z - 42. Let w be m(-18). Let l = w - 125. List the prime factors of l.
13
Let s(x) = -168*x - 3. Let a be s(-2). Let v = 70 - -106. Let i = a - v. What are the prime factors of i?
157
Let z = -11 - -19. Let a = z + -13. Let l = a - -64. List the prime factors of l.
59
Suppose 0 = -w + 4*w + 2*j - 5, -2*w - 3*j = 0. Suppose 4884 = 4*f - 4*q, 3*f + w*q - 4536 = -867. List the prime factors of f.
2, 13, 47
Let a = 61 + -61. Let s(o) = 3*o + 2. Let j be s(a). Suppose -100 = -j*v + 38. What are the prime factors of v?
3, 23
Let i(r) = -r**3 + 27*r**2 - 2*r + 30. Let d be i(25). Let y = d + -793. List the prime factors of y.
19, 23
Let m be ((-792)/10)/(-6)*-5. Let y = 64 + m. List the prime factors of (y - (-28)/12)*0 + 148.
2, 37
Suppose 63*a - 20 = 67*a, 5*q - 7130 = -2*a. List the prime factors of q.
2, 3, 7, 17
Let h = -5985 + 8360. List the prime factors of h.
5, 19
Let d = 8246 - 5631. What are the prime factors of d?
5, 523
Let z(b) = 23*b**2 + 32*b + 771. What are the prime factors of z(-19)?
2, 3, 17, 83
List the prime factors of -2 - (-248832)/((-208)/(-13)).
2, 5, 311
Suppose -8*m - 11*m - 1501 = 0. Let n(p) = 14*p - 14. Let i be n(10). Let k = i + m. List the prime factors of k.
47
Let n = -58 - -61. Suppose 3*i = -6 - 9, -3*x - n*i = 18. What are the prime factors of (-1 - x) + (-5 - -47)?
2, 3, 7
Let z = 66 + -65. What are the prime factors of z/2 - 16098/(-12)?
2, 11, 61
Let g(j) = -8*j**3 + j**2 + j - 5. Let m be 396/(-330) - 8/10. List the prime factors of g(m).
61
Suppose -4*n = -8*n - 24. Let x(p) = p**3 - 19*p**2 - 18*p - 43. Let z be x(20). What are the prime factors of 153/n*8*z/9?
2, 17
Let f(m) = -1598*m + 2638. What are the prime factors of f(-12)?
2, 13, 839
List the prime factors of (-1 + -1)/(24 - 1044625/43525).
2, 1741
Let n(i) = 40*i + 9. Let b(r) = r - 1. Let g(o) = -5*b(o) - n(o). Let s be g(-3). What are the prime factors of s/2 + (-3 - (-21)/6)?
2, 3, 11
Let d = -1280 + 18927. What are the prime factors of d?
7, 2521
Suppose -2*o + 4*o - v = 15417, 38575 = 5*o + 4*v. List the prime factors of o.
11, 701
Let v(y) = -32*y**3 - 3*y**2 - 7*y - 16. List the prime factors of v(-3).
2, 421
Suppose -3*c = f - 25, 5*f = 2*c + 6 - 0. Let q(a) = a**2 - 5*a - 14. Let n be q(c). Suppose -o - o + 108 = n. What are the prime factors of o?
2, 3
Suppose 20 = 18*w - 13*w. Suppose -q + 5*q = -w. List the prime factors of (q - -2)*2 + 1.
3
Let s(f) = 11*f**2 + 3*f + 4. Suppose 0 = -4*g + a + a + 62, -2*a = 2. Suppose c = -5*d - g, 6 = -2*d + 5*c - 3*c. What are the prime factors of s(d)?
2, 47
Suppose 3*z - 14*q + 13*q = 3, 0 = z - 4*q - 12. Suppose -2*h + 1623 = 2*c - 625, -2*h + 10 = z. List the prime factors of c.
3, 373
Suppose 2464 - 19739 = -2*b + r, -8643 = -b - 5*r. What are the prime factors of b?
2, 7, 617
Let g = 228 - 3. Let u be 2/10*4*g/10. List the prime factors of 6/u + (-560)/(-3).
11, 17
Let g(i) = -81*i + 10. Let n(y) = 28*y - 3. Let u(x) = 3*g(x) + 8*n(x). List the prime factors of u(0).
2, 3
Let k = -196 - -326. Let o = 414 + -224. Let q = o - k. What are the prime factors of q?
2, 3, 5
Let f(s) = -626*s - 10. Let y be f(-4). Suppose 8*w + 630 = y. What are the prime factors of w?
233
Let q(b) = -b**3 - 11*b**2 - 5*b + 24. Let m = 107 - 56. Let t = 39 - m. What are the prime factors of q(t)?
2, 3, 19
Let t(k) be the second derivative of -41*k**3/6 + k**2 + 17*k. Suppose 30 = -5*c - 5*i, -4*c - 21 - 6 = 5*i. List the prime factors of t(c).
5
Let f(y) be the third derivative of y**6/120 - y**5/6 + 5*y**4/24 - 8*y**3/3 - 37*y**2. Let i be f(6). Let v = 363 + i. List the prime factors of v.
233
List the prime factors of ((-34493)/(-34))/((-17)/6 + 3).
3, 2029
Suppose -367*b + 364*b = -30588. What are the prime factors of b?
2, 2549
Let s be (-7)/14 - 20769/6. Let x = -2406 - s. Suppose -4*d + x - 136 = 0. List the prime factors of d.
2, 5, 23
Let x(w) = 14 + 7*w**2 - 5*w**2 + 107*w - 4*w**2 - w**3 - 103*w. Let h(y) = -2*y**2 + 1. Let z be h(-2). List the prime factors of x(z).
3, 7, 11
Let t be (1/(-3))/((-9)/162). Suppose 5*a + q = t*q + 15, 3*a - 2*q = 6. Suppose 3*f = -a*w - w + 47, -4*w + 1 = f. List the prime factors of f.
17
Suppose 388*c = 355*c + 88473. What are the prime factors of c?
7, 383
Suppose 5*u + 0*u - 25 = 0, -u = -5*p + 110. Let y(j) = p + 5*j + 24*j - 8*j + j. List the prime factors of y(5).
7, 19
Suppose 2*f - 121 = -43. Let h = f + -60. List the prime factors of 212*(5/14 + (-3)/h).
2, 53
Suppose 0 = 4*a - k + 163 - 1370, a - 2*k - 300 = 0. Suppose -201 = a*x - 303*x. List the prime factors of x.
3, 67
List the prime factors of 2621/3*12/(-16)*(2 - 18).
2, 2621
Let t(z) be the first derivative of -911*z**4/4 - 3*z**2/2 - 4*z - 35. What are the prime factors of t(-1)?
2, 5, 7, 13
Suppose 12*n = -7*l + 14*n + 348582, 4*l - 199184 = 4*n. What are the prime factors of l?
2, 7, 3557
Suppose 0 = 4*h - 7112 + 1272. Suppose 5*t + 2*w - h = 0, 4*t - 1064 - 121 = -5*w. List the prime factors of t.
2, 5, 29
Let p = -1632 - -11801. What are the prime factors of p?
10169
Suppose 123*k + 0*k - 302782 = 49244. List the prime factors of k.
2, 3, 53
Suppose -28*u + 114811 + 360911 = 29*u. What are the prime factors of u?
2, 3, 13, 107
Suppose -10*h + 37*h - 51111 = 0. List the prime factors of h.
3, 631
Let j(n) be the third derivative of 1/6*n**3 + 0 + 2/3*n**4 + 0*n - 1/60*n**5 + n**2. List the prime factors of j(11).
2, 7
Let p(r) = r**3 + 15*r**2 - 6*r - 33. Let j(d) = -d + 7. Let s be j(5). Suppose -4*c + s*a + 27 = 93, 18 = -c + a. What are the prime factors of p(c)?
3, 19
Suppose -5*l + 9*h - 5*h = -8268, -l = -2*h - 1656. Suppose 3*d = -d + 5*k + l,